3*s + 7*s - 4*u = 92, -2*u + i = 5*s. What are the prime factors of s?
2, 11
What are the prime factors of ((-3)/9)/((-3)/459)?
3, 17
Let p(l) = l**3 + 8*l**2 + 8*l + 10. Let r be p(-7). Suppose -4 = -r*v + 2. List the prime factors of v.
2
Let a(m) = 50*m**2 + 2*m + 2. Let x be a(-1). Let i = x - 22. What are the prime factors of i?
2, 7
Suppose 0 = -5*q - 11 + 26. Suppose 4*p = -2*t + 4, -q = -2*p + 1. What are the prime factors of ((-3)/5)/(t/30)?
3
Suppose 0 = 3*n - 4*n - 15. Let h = n + 23. List the prime factors of h.
2
Suppose n - 19 = 2*m, -m - 4*n = -1 + 15. Let y be (-2)/5 - 4/m. List the prime factors of 6/(-2 + 3) + y.
2, 3
Let c = 16 - 13. What are the prime factors of (-2 + c)/((-3)/(-12))?
2
Let m(x) = x**3 - 2*x**2 - x + 3. Let a be m(3). Suppose 27 = -4*g - a. Let p = -7 - g. List the prime factors of p.
2
Let a = -9 - -1. Let t be (-5 - a)/(-1*1). List the prime factors of 2/t*66/(-4).
11
Let j(o) = 8 + 2*o - 6*o + 2*o. Let v be j(-6). Suppose 3*p = -b + 13, -b - b = 4*p - v. List the prime factors of p.
3
Let q(d) = 2*d + 5. Let l be 4 - 1*(0 - 1). Let g be q(l). Suppose a - 2*p = g, 0 = 4*a - 5*p + 2*p - 60. List the prime factors of a.
3, 5
Suppose -3*p + r = -35 - 48, -2*r = p - 16. Let t = p - 13. List the prime factors of t.
13
Suppose b - 44 = -7. List the prime factors of b.
37
Suppose 854 = 49*c - 47*c. List the prime factors of c.
7, 61
Suppose 2*w + 2*w - 16 = 0. Suppose 0 = f + 4*m + 21, 2*m - 10 - 2 = w*f. Let a = f - -17. List the prime factors of a.
2, 3
Suppose 4*a + 64 = 4*p, 4 = -3*p - 5. List the prime factors of ((-1 - -3)*a)/(-2).
19
Suppose 0 = -5*k - 0*o - 4*o + 338, -3*k + 2*o = -216. Let h = k - 35. What are the prime factors of h?
5, 7
Let y be ((-10)/15)/((-2)/51). Let t = 13 + y. List the prime factors of t.
2, 3, 5
Let m be (-3)/6 - (-73)/2. Suppose -2*p = -6*p + 4*z + m, 2*p = 3*z + 22. What are the prime factors of p?
5
Suppose m - 8 = 40. Suppose 3*x - 26 - 34 = -5*l, -m = -4*l - 2*x. What are the prime factors of l?
2, 3
Let o be 0 + 0 + (-790 - 2). List the prime factors of o/(-28) + 2/(-7).
2, 7
Let v = -2 - 1. Let t be -1*(0/v - 0). Let u = t + 7. List the prime factors of u.
7
Let y = 251 - 55. What are the prime factors of y?
2, 7
Suppose -u = -2*s, -3*s = -u - 0 - 2. Let j = u - 0. Suppose -4*r = -j - 4. What are the prime factors of r?
2
List the prime factors of (-6)/12 - 1138/(-4).
2, 71
Let r = 88 - 40. List the prime factors of r.
2, 3
Let g be ((-4)/(-6))/((-2)/33). Let o = 1 - g. List the prime factors of o.
2, 3
Suppose 3*d = 4*j + 175, 49 = d - j + 2*j. List the prime factors of d.
53
Suppose 2*v + v - 12 = 0. List the prime factors of ((-2)/v)/((-11)/462).
3, 7
Let n(v) = v**3 - 9*v**2 - 9*v - 7. Let m be n(10). List the prime factors of (1/m)/(1/6).
2
Suppose n - 4 = -n. Suppose 5*q = n*q + 27. List the prime factors of q.
3
Let t = 2 - 0. Let i(h) = t + h**2 - 12 + 7 - 2*h. What are the prime factors of i(-4)?
3, 7
What are the prime factors of (-59*1/(-3))/(38/570)?
5, 59
Suppose -4*g = 0, -u + 0*g = -g - 260. What are the prime factors of u?
2, 5, 13
Let h(w) = -w**2 + 4*w - 4. Let d be h(3). What are the prime factors of -1 + 3 - (d + 1)?
2
Let m = -25 + 19. List the prime factors of ((-3)/9)/(1/m).
2
Let l = 95 + -47. What are the prime factors of l?
2, 3
Let y(d) = 15*d**2 + d - 3. List the prime factors of y(-2).
5, 11
Let n = 73 + -34. List the prime factors of n.
3, 13
Suppose -4*x - 5*t = -0*x - 757, 5 = t. List the prime factors of x.
3, 61
Suppose 5*o - 2*v - 3*v = 115, -80 = -5*o - 2*v. Let j(k) = -11*k. Let f be j(1). Let c = o + f. What are the prime factors of c?
7
Let s(p) = p**3 + 4*p**2 + 3*p + 2. Let k(t) = -t**3 - 2*t**2 + 3*t - 3. Let f be 3/(-3) - -2 - 4. Let x be k(f). What are the prime factors of s(x)?
2
Suppose 0*v - 5*v = -385. What are the prime factors of v?
7, 11
Let u be 0/((-1 + 3)/2). Suppose f + 12 = 5*f, u = -h - 5*f + 33. What are the prime factors of h?
2, 3
Let z(h) = 12*h - 32. List the prime factors of z(5).
2, 7
Let w(v) = -v**2 + 3*v + 3. Let x be w(3). Suppose 4*t = -x*a - 36, -3*a = -t + 5 + 1. List the prime factors of 4/(-6) + (-46)/t.
7
Let y = 19 - 1. What are the prime factors of y?
2, 3
Let y(z) = -z**2 - 11*z. Let o be y(-8). Suppose -2*j = j - o. Suppose 0 = d - j - 0. List the prime factors of d.
2
Let y be 0/2 + (5 - 3). Suppose 0*b + 2 = y*b. Let d(g) = 2*g**3 + g**2 - 2*g + 1. What are the prime factors of d(b)?
2
Suppose -4*d = -4*w - 140, -4*w = -3*d - 10 + 112. List the prime factors of (d/5)/((-2)/(-10)).
2, 19
Let n = -44 + 47. Suppose 3*r + 9 = -0*r. List the prime factors of (n/(-2))/(r/14).
7
Suppose 398 = 3*o + 2*o - 4*r, -85 = -o - r. What are the prime factors of o?
2, 41
Let y(l) = 13*l - 10. Let i(w) = 12*w - 9. Let d(s) = 4*i(s) - 3*y(s). What are the prime factors of d(5)?
3, 13
Let j(v) be the second derivative of v**4/2 - v. What are the prime factors of j(-1)?
2, 3
Suppose -5*q = -397 - 258. What are the prime factors of q?
131
List the prime factors of 32 + (-12)/((-16)/4).
5, 7
Let r be 2 + -4 + (-7)/(-1). Suppose 0 = r*g - g - 204. Suppose -5*n - d = -19 - g, 2*n + 5*d = 28. What are the prime factors of n?
2, 7
Let p(v) = -3*v + 6*v - 4*v**2 + 3*v**2 + 2. Let n be p(3). Suppose 0 = n*x + 1 - 17. What are the prime factors of x?
2
Suppose -3*c + 12 = -0*c. Suppose -159 = -5*m + 4*n, -3*m + 191 = 2*m + c*n. List the prime factors of m.
5, 7
Let j(z) = z - 1. Let v(m) = -m**2 + 9*m - 1. Let a(x) = -2*j(x) + v(x). What are the prime factors of a(6)?
7
Let s(t) = 3*t + 5. List the prime factors of s(8).
29
Let j = 7 - -29. Suppose -2*s + 2*l - 23 = -63, -j = -2*s - 2*l. List the prime factors of s.
19
Let l(w) = w**2 - 11*w - 33. What are the prime factors of l(25)?
317
Suppose 2*o + 256 = 6*o. List the prime factors of o.
2
List the prime factors of (2/3)/((-4)/(-228)).
2, 19
Let m(j) = 23*j + 8. Let f be m(-3). Let p(d) = -2*d. Let o be p(-5). What are the prime factors of f/(-7) - o/(-35)?
3
Suppose -2*s = 2*z - 48, -s = -5*s + 4. Suppose 0*a - 26 = 2*a. Let u = a + z. List the prime factors of u.
2, 5
What are the prime factors of (1/2)/(11/2860) - 1?
3, 43
Let q(z) = -z**3 - 6*z**2 + 7*z + 3. Let h be q(-5). Let v = h - -84. What are the prime factors of v?
3
Let i(s) = -10*s + 1. What are the prime factors of i(-3)?
31
Suppose -3*n + 7*n = 156. List the prime factors of n.
3, 13
Suppose 0 = 2*x - 3*i - 33, -x + 13 + 17 = 3*i. Suppose -19 = -4*d + x. What are the prime factors of d?
2, 5
Suppose 96 = -0*h + 2*h - 2*o, 5*h - 3*o = 232. What are the prime factors of h?
2, 11
What are the prime factors of (-1)/(1 + 1)*-58?
29
Let f(n) = -n**3 - 8*n**2 + 3*n - 20. What are the prime factors of f(-10)?
2, 3, 5
What are the prime factors of (-3)/(-6)*-2 + 48?
47
List the prime factors of 8/5*(4305/6)/7.
2, 41
Let y be (4/(-8))/(1/(-12)). Suppose 63 = y*h - 3*h. What are the prime factors of h?
3, 7
Let w = -24 + 113. What are the prime factors of w?
89
Suppose -5*a - 3*k + 0 + 5 = 0, -4*k - 40 = -5*a. Suppose m = 3 + a. List the prime factors of m.
7
Let v be 3/(-4) - 9/4. What are the prime factors of 0/3 - (v - 0)?
3
Let k be 0/(-2*(-3)/(-6)). Let a be -1*(k + 1)*-5. Suppose a*r = -0*r + 15. List the prime factors of r.
3
Suppose 0*q - 4*q + 64 = 0. Suppose -a + 11 = 2*y, q + 6 = -y + 5*a. List the prime factors of y.
3
Let v(l) = l**3 - 7*l**2 + 6*l + 5. Let c be v(6). Suppose 0*m = -4*m + r + 57, 3*m - c*r = 47. What are the prime factors of m?
2, 7
Suppose -5*z + 10 = -3*z. Suppose 0 = z*w - 30 - 20. What are the prime factors of w?
2, 5
Let l = 0 - -20. What are the prime factors of l?
2, 5
Suppose 0 = -2*p + 2*k + 4, -8*k + 3*k = -5. Suppose p*u - 3*g = -g + 28, -5*g = -5*u + 55. List the prime factors of u.
2, 3
Suppose -6*n = -n - 15. Let l = 0 + 1. Let a = n - l. What are the prime factors of a?
2
Let y(d) = -d**2 + 2*d. Let v(h) = h**3 + 6*h**2 + 4*h - 3. Let u be v(-5). Let k be y(u). Suppose 0 = -k*c - 5*c + 15. What are the prime factors of c?
3
Let v(u) = -2*u - 1. Let f be v(-3). Suppose -f*l - 47 = -5*b + 18, -5*b + 81 = -l. List the prime factors of b.
17
Suppose 54 + 96 = 5*f. Let b = -15 + f. List the prime factors of b.
3, 5
Suppose -2*h - 2*u = -390, -4*h + 3*u + 609 = -h. What 